highest common factor of 100 and 172450?
50
What is the highest common factor of 2030 and 104230?
70
Calculate the highest common divisor of 134 and 196913.
67
What is the greatest common factor of 58249 and 341?
31
What is the highest common factor of 696 and 47184?
24
What is the highest common factor of 542196 and 198?
18
Calculate the greatest common divisor of 2055 and 30360.
15
Calculate the highest common divisor of 117629 and 152.
19
Calculate the highest common divisor of 64 and 11576.
8
What is the greatest common divisor of 3836 and 406068?
548
What is the greatest common factor of 6644 and 5027?
11
What is the greatest common divisor of 75 and 204675?
75
What is the greatest common divisor of 9324 and 3276?
252
What is the highest common divisor of 1776 and 27312?
48
What is the highest common divisor of 13467130 and 790?
790
What is the greatest common factor of 711 and 740388?
237
What is the highest common factor of 63 and 5803?
7
Calculate the greatest common divisor of 30 and 1277130.
30
What is the greatest common divisor of 403 and 496?
31
Calculate the highest common divisor of 104600 and 5800.
200
Calculate the greatest common divisor of 203550 and 236.
118
Calculate the greatest common factor of 3440 and 19608.
344
Calculate the greatest common factor of 1012374 and 99.
99
Calculate the highest common factor of 2496 and 12696.
24
Calculate the highest common factor of 328602 and 6.
6
What is the highest common factor of 477 and 3535047?
477
Calculate the highest common divisor of 4650453 and 81.
81
Calculate the highest common divisor of 392 and 390236.
196
What is the highest common factor of 3387 and 9?
3
Calculate the highest common divisor of 106 and 33823858.
106
Calculate the greatest common factor of 2412 and 294.
6
Calculate the greatest common divisor of 23075 and 1420.
355
Calculate the greatest common factor of 1204 and 246218.
602
What is the highest common divisor of 908505 and 351?
117
What is the highest common factor of 2472 and 3096?
24
Calculate the greatest common divisor of 351 and 45657.
27
Calculate the greatest common factor of 2272 and 1847704.
568
Calculate the greatest common divisor of 39 and 1176006.
39
What is the greatest common divisor of 1976 and 1898?
26
Calculate the greatest common divisor of 434443 and 579.
193
Calculate the highest common divisor of 377417 and 119.
17
Calculate the highest common factor of 405 and 453033.
81
Calculate the highest common factor of 394196 and 204.
68
Calculate the highest common factor of 189 and 97119.
27
Calculate the greatest common factor of 285 and 9240.
15
Calculate the highest common factor of 209 and 319.
11
What is the highest common factor of 894 and 930058?
298
What is the greatest common factor of 57765 and 45?
15
What is the highest common divisor of 14 and 66073?
7
Calculate the greatest common divisor of 186 and 78714.
6
Calculate the greatest common factor of 56350 and 690.
230
Calculate the greatest common factor of 66120 and 150.
30
What is the greatest common factor of 90 and 24498?
18
What is the greatest common divisor of 735 and 2045?
5
Calculate the highest common divisor of 126 and 30681.
63
What is the highest common factor of 110181 and 171?
57
Calculate the highest common factor of 8064 and 183552.
384
Calculate the highest common divisor of 423 and 5029.
47
Calculate the greatest common divisor of 1073 and 144449.
29
Calculate the highest common factor of 2400 and 13344.
96
What is the greatest common factor of 290 and 52490?
290
Calculate the greatest common factor of 344790 and 432.
54
Calculate the highest common divisor of 15774 and 1056.
66
What is the greatest common factor of 814 and 538054?
814
What is the greatest common factor of 710 and 55570?
10
What is the greatest common factor of 105 and 23555?
35
Calculate the greatest common divisor of 48425 and 1612.
13
Calculate the highest common divisor of 90 and 210390.
30
What is the greatest common factor of 14616 and 78532?
116
Calculate the greatest common divisor of 13 and 9596639.
13
Calculate the highest common divisor of 23898 and 644.
14
What is the greatest common factor of 675 and 5903325?
225
Calculate the highest common factor of 65586 and 3077.
17
Calculate the highest common divisor of 1568736 and 72.
72
What is the highest common divisor of 19 and 551114?
19
What is the highest common factor of 936 and 5408?
104
What is the highest common divisor of 33718 and 230?
46
What is the highest common factor of 65894 and 752?
94
What is the highest common divisor of 632 and 44?
4
Calculate the highest common divisor of 873 and 603.
9
What is the highest common divisor of 1067 and 4675?
11
What is the highest common divisor of 282283 and 581?
83
What is the greatest common factor of 460874 and 69?
23
Calculate the greatest common divisor of 3041626 and 147.
49
Calculate the greatest common factor of 63 and 5167596.
21
Calculate the highest common factor of 1177 and 1045.
11
Calculate the greatest common divisor of 207620 and 50.
10
What is the greatest common factor of 490 and 44360?
10
Calculate the greatest common divisor of 878148 and 1038.
1038
Calculate the greatest common factor of 21 and 25417.
7
Calculate the greatest common factor of 1940208 and 830.
166
Calculate the greatest common divisor of 7 and 157717.
7
What is the highest common factor of 99 and 7095?
33
Calculate the greatest common divisor of 511137 and 594.
297
What is the greatest common divisor of 7 and 655?
1
Calculate the highest common factor of 29084 and 9647.
11
Calculate the greatest common divisor of 60872 and 56.
56
What is the greatest common divisor of 198 and 90414?
18
What is the greatest common divisor of 123820 and 41?
41
What is the greatest common factor of 900 and 881820?
180
What is the highest common factor of 27249 and 93?
93
What is the highest common divisor of 71 and 6434801?
71
Calculate the highest common factor of 1866108 and 12.
12
What is the greatest common divisor of 200466 and 7326?
666
Calculate the greatest common divisor of 2600 and 41288.
104
Calculate the greatest common divisor of 370 and 250.
10
Calculate the greatest common divisor of 12 and 10836.
12
What is the greatest common factor of 14858 and 41021?
323
What is the highest common factor of 63405 and 28395?
45
Calculate the greatest common divisor of 8 and 62056.
8
Calculate the greatest common divisor of 570675 and 25.
25
Calculate the greatest common divisor of 945 and 62685.
315
Calculate the highest common divisor of 18620 and 21315.
245
Calculate the greatest common factor of 3003947 and 41.
41
What is the highest common factor of 16 and 49112?
8
Calculate the highest common factor of 7455 and 73911.
213
What is the highest common divisor of 156 and 70980?
156
What is the highest common divisor of 1344 and 24696?
168
Calculate the greatest common divisor of 26166 and 1372.
98
What is the greatest common divisor of 195300 and 774?
18
Calculate the greatest common factor of 177240 and 30.
30
Calculate the greatest common factor of 128900 and 100.
100
Calculate the highest common factor of 17 and 3706833.
17
Calculate the greatest common factor of 10615 and 110.
55
Calculate the highest common divisor of 20196 and 10846.
374
Calculate the highest common divisor of 113693 and 141.
47
What is the greatest common divisor of 1014 and 1767740?
338
What is the highest common divisor of 15201 and 495?
9
Calculate the highest common divisor of 8010 and 2076.
6
What is the highest common factor of 336 and 140?
28
Calculate the highest common factor of 7 and 74179.
7
What is the highest common divisor of 21780 and 960?
60
What is the greatest common factor of 1287461 and 434?
217
Calculate the highest common factor of 2061 and 45.
9
What is the greatest common divisor of 34993 and 21?
7
Calculate the highest common factor of 122892 and 336.
84
What is the highest common divisor of 91000 and 6?
2
Calculate the highest common divisor of 7425 and 298815.
165
Calculate the greatest common divisor of 57684 and 2185.
437
What is the highest common divisor of 339 and 1707?
3
What is the greatest common factor of 690 and 56442?
138
Calculate the greatest common factor of 15922 and 38.
38
Calculate the highest c